number?
False
Suppose o + 3*a - 12 = a, -o + 14 = a. Is (132/o - 1)*116 prime?
False
Suppose 174 = -x - 235. Let i = x - -2170. Is i prime?
False
Let t(b) be the third derivative of -b**6/120 + 13*b**5/60 - 5*b**4/24 + b**3/2 - 3*b**2. Suppose 7*o - 42 = -7. Is t(o) prime?
False
Suppose 17*h - 5 = 12*h. Is (-15334)/(-77) - h/7 prime?
True
Let l(y) = -343*y + 11. Is l(-2) a prime number?
False
Suppose 8*f = 3*f + 2*p + 20, 5*p + 20 = 5*f. Suppose f*o = -884 + 5536. Is o prime?
True
Let n(m) = -7*m**3 + 21*m**2 + 6*m + 9. Let k(f) = -3*f**3 + 10*f**2 + 3*f + 5. Let a(y) = 5*k(y) - 2*n(y). Let r(z) = -z + 7. Let q be r(0). Is a(q) composite?
True
Let s be (-16)/(-20)*(-5)/(-2). Suppose 1 - s = a. Is (-121 + (3 - 1))/a prime?
False
Let h(b) = -61*b + 7*b**2 - 9 - 4 + 56*b. Is h(-17) a composite number?
True
Suppose -2*d - 467 = -5*j, 4*d = -2*j + j - 879. Let w = 478 + d. Is w composite?
False
Is (-3721662)/(-54) - (-4)/(-6) prime?
False
Suppose 4*a + j = 6*a - 3299, 0 = -5*a - 3*j + 8264. Is a a composite number?
True
Let t(n) = 23*n - 1. Let s be t(5). Let a = 583 - s. Is a a composite number?
True
Let x = 18 + -94. Let q = x + 225. Is q a composite number?
False
Suppose -2*c + 10 = 2, -4*c = 3*h - 133. Suppose 4*d - h = -0*d - 5*a, -5*d + 42 = 4*a. Suppose 4*k + 16 = 0, 5*t = d*t - 3*k - 121. Is t a composite number?
False
Let j(f) = 226*f**2 + 5*f - 4. Let w be j(3). Is (w/15)/(3/9) a composite number?
False
Suppose -a + 3*n - 8041 = -51894, -5*a - 3*n + 219193 = 0. Is a a prime number?
False
Suppose -15 = 5*u - 30. Suppose u*v - 503 = -m, -5*m + 0*v + v = -2467. Let j = -159 + m. Is j prime?
False
Let w(q) = q**2 - q + 2. Let n be 2/4*0/(-1). Let t be w(n). Suppose t*x = 6*x - 236. Is x a composite number?
False
Let l = 66 - 93. Let d = 72 + l. Suppose -98 - d = -b. Is b a prime number?
False
Suppose 3 = 2*s + 3*t, 5*t - 1 = -s - s. Suppose -s*b - 5*u + 1588 = 0, -2089 = -5*b + b - u. Is b prime?
True
Let r(j) = j**2 - 7*j - 12. Let l be r(-3). Is 58884/l*12/8 a prime number?
False
Let c(m) = -m**2 - 13*m - 14. Let z be c(-11). Let w be -1*0*(-2)/z. Suppose 0*u - 2*u + 66 = w. Is u a prime number?
False
Let j(i) = 34*i**3 - 11*i**2 - 48*i - 4. Is j(9) a prime number?
True
Suppose 4*t - t = 1479. Let j = t - 76. Is j a prime number?
False
Let q be -446*-2*1/4. Let g = q + -96. Is g a composite number?
False
Let v be ((-78)/(-4))/1 + (-5)/10. Suppose -v*m + 18*m = -221. Is m a composite number?
True
Let r(b) = 205*b**2 + 5*b + 1. Is r(-8) prime?
False
Let u(t) = -t**3 - 57*t + 91. Is u(-22) a composite number?
True
Suppose 2*a = -2*o, -4*o + 5*a = -32 - 4. Is 4194 + (1 + o - 4) prime?
False
Suppose -6*i = -4*o - 3*i + 2530, 4*o + i - 2522 = 0. Is o a prime number?
True
Let o(n) be the first derivative of 20*n**2 + n - 11. Is o(4) prime?
False
Let d(n) = -n**2 + 11*n - 7. Let z be d(9). Let k = z + -8. Suppose -310 = -5*b + k*b. Is b a prime number?
False
Let q be ((-8)/(-16))/((-1)/(-6)). Suppose -2*x + 0*i + 1212 = 2*i, -5*i = -q*x + 1802. Let v = 891 - x. Is v prime?
False
Let h be (-1)/(-6) + (-146)/12. Let v(y) be the second derivative of -13*y**3/3 + 19*y**2/2 + y. Is v(h) a composite number?
False
Let x = 2909 - -19884. Is x a prime number?
False
Is 408/306 + (-2)/(-3) composite?
False
Let s(t) = 7*t - 17. Let u be s(-20). Let v = 486 + u. Is v composite?
True
Is 14366 + 2 + (3 - (-24)/(-12)) composite?
False
Let y(x) = -19*x - 3. Let k be y(-3). Is k + -54 + (-838)/(-2)*7 a composite number?
True
Let s be 6/(-4)*(1 + -3). Suppose -s = q - 6. Suppose q = -3*j, 0 = 5*m + 5*j - j - 171. Is m a composite number?
True
Suppose -2*d - 26 = -5*u - 162, -d + 62 = -u. Suppose -2*r = -4*r - d. Is (r/(-4))/((-1)/(-8)) prime?
False
Suppose 0 = -23*g + 18*g + 35. Let a(v) be the third derivative of v**5/30 - 5*v**4/24 - 2*v**3 - v**2. Is a(g) a composite number?
True
Let x(d) = -14*d + 12. Let o be x(7). Let w = -28 - o. Is w prime?
False
Let s(g) = 3*g - 21. Let m be s(9). Suppose -m*n - 5283 = -15*n. Is n a composite number?
False
Let y(r) = -51*r**3 + 9*r**2 - 7*r - 4. Let w be y(5). Let p = w + 9848. Is p a prime number?
True
Let s = 8 + 16. Let y = 30 - s. Let r(m) = 15*m**2 + 6*m + 11. Is r(y) composite?
False
Let q(f) = f**2 + 16*f - 14. Suppose 13 = -h + 1. Let o be q(h). Let a = 211 + o. Is a a composite number?
False
Suppose 6*k + 0*k = 24. Suppose k*j - 2*f - 7040 = 0, 4*j = -2*f - 0*f + 7032. Is j composite?
False
Suppose -16*a + 18*a = -30. Is (-18895)/a + (-10)/15 prime?
True
Let p = -18 - -21. Suppose 5*s + 5*u - 560 = 0, s + p*u - 134 + 20 = 0. Is s a composite number?
True
Is (3 + -3 + -3)*(-259365)/45 prime?
True
Suppose 3*k = 4*s - 27, 2*s + 4*k + 4 = 2*k. Suppose -u - s = 0, 3*a + 0*u = u + 18. Suppose -a*q + 2400 = 5*x, 3*q + 8 + 7 = 0. Is x a prime number?
False
Let d = 43 + -7. Suppose -4*v + v + 84 = -3*j, 2*j - d = -2*v. Is v composite?
False
Suppose 2*n - 448 = 10*n. Is (-4)/(4/3) - n a prime number?
True
Suppose 54*k = 49*k + 15. Is (k/4)/(-3 - 4385/(-1460)) composite?
True
Suppose 2*p = 4*p - 24. Let c(g) = 5*g**3 + g**2 - 4*g**3 + 2 + 2 - p*g**2 + 14*g. Is c(11) composite?
True
Let k(q) = 7*q**3 + 6*q**2 + 15*q - 21. Let c be k(10). Suppose 978 + c = x. Is x composite?
False
Suppose -4*j + 8 = -4*q, 4*j - 2*q - 3*q - 8 = 0. Let h(p) = 6*p**3 + 10*p**2 - 12*p + 10. Let r be h(6). Suppose 4*t - j*t = r. Is t a prime number?
True
Is (-4 - (-2475)/4)/((-5)/(-20)) composite?
False
Suppose -2*n = o - 4, 3*o - 4 = n - 20. Suppose -k + 3*s - 8 = -5*k, -3*k - n*s = 1. Suppose -k*y = -739 - 196. Is y a composite number?
True
Let m = 25 - -307. Suppose -m = -v + 357. Is v composite?
True
Let m(y) = 3*y**2 + 4*y + 1. Let u(n) = -n**2 - n - 1. Let c(i) = -m(i) - 6*u(i). Is c(-12) prime?
False
Let x(p) = -4558*p + 483. Is x(-59) prime?
False
Is (0 + 4/(-6))/((-264)/5096124) composite?
True
Suppose -2*t - 14 = -5*z, -2*t + 0*z = z + 26. Let p(s) = -11*s**2 - 14*s + 0*s + 13 - s**3 + 5*s. Is p(t) a prime number?
False
Let r = 11867 - 8074. Is r a composite number?
False
Is (18/63 - (-37081)/(-7))*-1 a prime number?
True
Suppose 4*g = k - 6, -3*g + 3 = 4*k - k. Suppose 1022 = k*w - 240. Is w prime?
True
Suppose w = 2*t + 1785, 3*w - 6165 = t - 830. Is w prime?
True
Suppose 4*f = -5*r, 5*r + 0*r - 25 = f. Suppose 5*z = r*p - 13642, 0 = -p + z - 1720 + 5131. Is p composite?
False
Suppose 2*l + 3283 = 9*l. Is l composite?
True
Let o be 8*5/10*(-1542)/8. Let b = 1448 + o. Is b prime?
True
Is -1*12/20 - 568/(-5) prime?
True
Let b(n) = 31*n**2 + 39*n + 27. Is b(-11) a prime number?
False
Let f be (-10)/(-3)*18/15. Suppose -2*l + 3*k = -27 + 6, l + 4*k = -17. Suppose -f = w, 24 + 677 = l*x + 4*w. Is x a composite number?
False
Let p = 4002 - 2711. Let k = p + -704. Is k prime?
True
Let o(v) = -v**2 + 211*v**3 - 5*v + 5 + 277*v**3 + 50*v**3. Is o(2) prime?
False
Let d be (-40)/(-35)*21/6. Suppose d*j + 2*j = 870. Is j a prime number?
False
Let n = 11992 - 2505. Is n a prime number?
False
Suppose 2*c - 64*m + 63*m = 3515, 7033 = 4*c - m. Is c a prime number?
True
Suppose 5*l - 4*a = -23, 0*a - 11 = 5*l + 2*a. Let k(p) = 35*p**2 + 6*p - 10. Let b(i) = i**2 + i - 1. Let h(n) = -6*b(n) + k(n). Is h(l) composite?
False
Suppose j = 5633 - 594. Is j prime?
True
Let q = -23 + 27. Let g(c) = 5*c**3 - 5*c**2 + 2*c + 3. Is g(q) composite?
False
Suppose 5*h + 0*h - 10 = -5*m, m = -5*h + 2. Is (-38)/3*(-5 + m) prime?
False
Let d be (-1 - -14)/((-2)/(-4)). Let j = d - 98. Let t = j + 105. Is t composite?
True
Let j(o) = -1186*o - 9. Is j(-5) a composite number?
True
Let d = 7946 + -5433. Is d a composite number?
True
Let v(o) = -16*o + 2. Let s be v(2). Let r = s - -89. Is r/(-3 + 2)*-1 a prime number?
True
Is 34/(-85)*(-6285)/6 a composite number?
False
Suppose -6*b - 10*b + 22384 = 0. Is b prime?
True
Let n be (-50)/(-6) - (-1)/(-3). Is (-2)/(n/(-1580) + 0) a composite number?
True
Suppose -12 = 4*r - 4*i, 0 = r - 3*r - i - 3. Is 32/(-12) - r - 17398/(-6) a prime number?
False
Let n = 18 - 16. Suppose 6*u = n*u + 84. Suppose -2*q + 413 = -u. Is q prime?
False
Let i = 8 + -4. Let g(b) = b**2 + 4*b + 3 - 7*b**2 + b**3 + 5*b**2. Is g(i) prime?
True
Suppose 4*k = 8*k - 32. Suppose 1932 = 4*p - 0*p. Let f = p + k. Is f a composite number?
False
Let c(z) = 250